45553
List the prime factors of 1837483.
73, 25171
What are the prime factors of 133291?
41, 3251
What are the prime factors of 6610024?
2, 19, 43487
What are the prime factors of 4752649?
11, 432059
List the prime factors of 11506292.
2, 7, 607, 677
What are the prime factors of 2502588?
2, 3, 11, 18959
List the prime factors of 1616015.
5, 41, 7883
List the prime factors of 9525716.
2, 2381429
List the prime factors of 680723.
41, 16603
List the prime factors of 132455.
5, 59, 449
What are the prime factors of 275332?
2, 17, 4049
What are the prime factors of 6243?
3, 2081
What are the prime factors of 106246?
2, 7, 7589
List the prime factors of 2218329.
3, 31, 7951
What are the prime factors of 8678628?
2, 3, 7, 34439
What are the prime factors of 4848686?
2, 19, 127597
List the prime factors of 507856.
2, 31741
List the prime factors of 237267.
3, 41, 643
List the prime factors of 485569.
7, 71, 977
What are the prime factors of 173040?
2, 3, 5, 7, 103
List the prime factors of 28757635.
5, 5751527
List the prime factors of 1232695.
5, 246539
List the prime factors of 196943.
31, 6353
What are the prime factors of 15384979?
919, 16741
What are the prime factors of 960232?
2, 7, 13, 1319
List the prime factors of 1213670.
2, 5, 121367
What are the prime factors of 94422?
2, 3, 15737
What are the prime factors of 475523?
475523
What are the prime factors of 19510174?
2, 37, 263651
List the prime factors of 21593.
11, 13, 151
What are the prime factors of 301843?
301843
List the prime factors of 6546653.
269, 24337
List the prime factors of 10196259.
3, 3398753
List the prime factors of 24882086.
2, 89, 139787
What are the prime factors of 1214312?
2, 11, 13799
What are the prime factors of 16097?
16097
List the prime factors of 422635.
5, 181, 467
List the prime factors of 1858038.
2, 3, 7, 13, 41, 83
What are the prime factors of 253481?
253481
List the prime factors of 3462351.
3, 19, 23, 139
What are the prime factors of 6047295?
3, 5, 41, 9833
List the prime factors of 12470905.
5, 463, 5387
What are the prime factors of 457799?
457799
List the prime factors of 17708699.
233, 76003
What are the prime factors of 270908?
2, 11, 47, 131
What are the prime factors of 679253?
691, 983
What are the prime factors of 233605?
5, 19, 2459
What are the prime factors of 11987012?
2, 379, 7907
List the prime factors of 261057.
3, 173, 503
List the prime factors of 113536.
2, 887
What are the prime factors of 2406701?
11, 331, 661
What are the prime factors of 568174?
2, 17, 983
What are the prime factors of 114411?
3, 11, 3467
What are the prime factors of 490629?
3, 163543
List the prime factors of 7029899.
7029899
List the prime factors of 311686.
2, 101, 1543
What are the prime factors of 969534?
2, 3, 61, 883
What are the prime factors of 6187716?
2, 3, 171881
List the prime factors of 2422829.
2422829
What are the prime factors of 2080677?
3, 397, 1747
List the prime factors of 135793.
7, 19, 1021
List the prime factors of 2650215.
3, 5, 17, 19, 547
List the prime factors of 681657.
3, 227219
What are the prime factors of 17514347?
29, 173, 3491
List the prime factors of 5486524.
2, 269, 5099
List the prime factors of 55012.
2, 17, 809
List the prime factors of 6107960.
2, 5, 37, 4127
List the prime factors of 346271.
59, 5869
What are the prime factors of 9136191?
3, 17, 359, 499
What are the prime factors of 33107632?
2, 2069227
What are the prime factors of 6998018?
2, 47, 109, 683
What are the prime factors of 3898279?
7, 11, 50627
What are the prime factors of 441478?
2, 71, 3109
What are the prime factors of 233925?
3, 5, 3119
What are the prime factors of 3789582?
2, 3, 631597
List the prime factors of 326894.
2, 73, 2239
What are the prime factors of 457214?
2, 29, 7883
What are the prime factors of 762028?
2, 190507
What are the prime factors of 205846?
2, 19, 5417
What are the prime factors of 3641293?
19, 83, 2309
List the prime factors of 139125.
3, 5, 7, 53
What are the prime factors of 21171809?
199, 106391
List the prime factors of 59579.
13, 4583
List the prime factors of 564621.
3, 17, 11071
List the prime factors of 27814865.
5, 13, 32917
List the prime factors of 6530285.
5, 401, 3257
List the prime factors of 15131688.
2, 3, 11, 13, 4409
What are the prime factors of 167363?
7, 23909
What are the prime factors of 20447829?
3, 757327
What are the prime factors of 45023?
11, 4093
List the prime factors of 999996.
2, 3, 167, 499
List the prime factors of 13876776.
2, 3, 37, 5209
What are the prime factors of 6522764?
2, 17, 95923
List the prime factors of 20868573.
3, 11, 632381
List the prime factors of 1735235.
5, 23, 79, 191
List the prime factors of 185581.
11, 16871
What are the prime factors of 3536246?
2, 7, 252589
List the prime factors of 36263.
36263
What are the prime factors of 49128?
2, 3, 23, 89
What are the prime factors of 8982612?
2, 3, 249517
List the prime factors of 685929.
3, 23, 9941
What are the prime factors of 6467980?
2, 5, 19, 17021
What are the prime factors of 1941012?
2, 3, 53917
List the prime factors of 6648360.
2, 3, 5, 17, 3259
List the prime factors of 4097649.
3, 89, 103, 149
What are the prime factors of 12222668?
2, 197, 15511
List the prime factors of 160805.
5, 29, 1109
List the prime factors of 5481550.
2, 5, 37, 2963
List the prime factors of 622597.
43, 14479
List the prime factors of 318046.
2, 159023
List the prime factors of 66751.
66751
What are the prime factors of 307290?
2, 3, 5, 10243
What are the prime factors of 1241747?
13, 23, 4153
What are the prime factors of 426645?
3, 5, 19, 499
List the prime factors of 7609548.
2, 3, 311, 2039
What are the prime factors of 9935677?
109, 91153
What are the prime factors of 24704493?
3, 11, 37, 20233
What are the prime factors of 632060?
2, 5, 11, 13, 17
List the prime factors of 245726.
2, 13, 727
What are the prime factors of 727179?
3, 242393
List the prime factors of 768.
2, 3
What are the prime factors of 128372?
2, 67, 479
List the prime factors of 399503.
13, 79, 389
List the prime factors of 1806649.
13, 31, 4483
List the prime factors of 106271.
11, 9661
What are the prime factors of 714505?
5, 11, 1181
What are the prime factors of 203622?
2, 3, 33937
What are the prime factors of 398439?
3, 4919
What are the prime factors of 715687?
7, 102241
List the prime factors of 160377.
3, 7, 1091
List the prime factors of 21966599.
2027, 10837
What are the prime factors of 472142?
2, 11, 1951
What are the prime factors of 3371439?
3, 653, 1721
List the prime factors of 557210.
2, 5, 55721
List the prime factors of 9382175.
5, 11, 109, 313
What are the prime factors of 1443511?
47, 30713
What are the prime factors of 1584331?
7, 239, 947
List the prime factors of 2620300.
2, 5, 26203
What are the prime factors of 388500?
2, 3, 5, 7, 37
What are the prime factors of 120239?
7, 89, 193
List the prime factors of 299660.
2, 5, 14983
List the prime factors of 1637581.
11, 41, 3631
What are the prime factors of 475506?
2, 3, 26417
What are the prime factors of 266882?
2, 7, 11, 1733
What are the prime factors of 206117?
53, 3889
What are the prime factors of 26308802?
2, 13, 173, 5849
What are the prime factors of 8730717?
3, 1039, 2801
What are the prime factors of 525730?
2, 5, 19, 2767
List the prime factors of 23573992.
2, 13, 83, 2731
List the prime factors of 11637692.
2, 11, 43, 6151
What are the prime factors of 7107197?
19, 374063
List the prime factors of 9516446.
2, 4758223
List the prime factors of 1222733.
31, 39443
What are the prime factors of 189205?
5, 79, 479
What are the prime factors of 2401490?
2, 5, 7, 13, 29
What are the prime factors of 2081004?
2, 3, 17, 101
List the prime factors of 892226.
2, 79, 5647
What are the prime factors of 6461383?
6461383
What are the prime factors of 1045959?
3, 17, 20509
What are the prime factors of 1002474?
2, 3, 11, 61, 83
List the prime factors of 964668.
2, 3, 19, 4231
What are the prime factors of 4715?
5, 23, 41
What are the prime factors of 681638?
2, 340819
What are the prime factors of 472955?
5, 7, 13513
What are the prime factors of 438772?
2, 43, 2551
What are the prime factors of 11503931?
211, 54521
What are the prime factors of 20763632?
2, 1297727
What are the prime 